 be 30/21 - (-3)/h. What is the highest common divisor of m and 1?
1
Suppose 7*o - 16 = 3*o. Suppose q + 6*i + 17 = 2*i, -o*i = 4*q + 32. Let s = 3 - q. Calculate the highest common factor of s and 32.
8
Let l = 991 + -441. What is the greatest common factor of l and 50?
50
Let v = -56 - -110. Suppose -3*n + 8*n = -160. Let d = -23 - n. What is the highest common factor of d and v?
9
Let s be 90 - 3 - (-6 + 3). Suppose 0 = 5*i + 2*q - 58, -q = -3*i - 2*q + 34. What is the highest common factor of s and i?
10
Let a = 8 - -32. Suppose 0 = -4*u - 2*p + 54, -5*u = 3*p - 50 - 16. Let y be (-2)/(24/u - 2). Calculate the highest common factor of y and a.
5
Let d = 143 + -26. Suppose -4*f + 92 = 40. Calculate the greatest common divisor of d and f.
13
Let i be 55 - (40/(-4))/2. Calculate the greatest common divisor of i and 12.
12
Let y(f) = -f**3 + 7*f**2 + 4*f - 9. Let n be y(7). Calculate the greatest common factor of 152 and n.
19
Suppose -10*m + 18*m - 840 = 0. Calculate the highest common factor of 70 and m.
35
Let m = -6 + 7. Let d(z) = -1. Let i(x) = -3*x + 7. Let b(c) = m*i(c) + 6*d(c). Let u be b(-5). What is the highest common divisor of u and 8?
8
Suppose -2*b + 2*w + 58 = 0, -39 = -b + 5*w + 2. Suppose b = t + a, -t = 4*a - 5 - 9. Calculate the greatest common factor of 10 and t.
10
Suppose 2*t - 82 = 122. Calculate the greatest common factor of 68 and t.
34
Let b = 42 + -27. Calculate the greatest common divisor of b and 30.
15
Suppose -2*b - 11 = -3*b. Calculate the greatest common divisor of 11 and b.
11
Let q = -25 - -7. Let i = 73 - q. What is the highest common divisor of i and 13?
13
Suppose 2*l = 48 + 96. Let r = -1 + 6. Let t be (-5 - -7) + 1 + r. What is the highest common factor of l and t?
8
Suppose 0 = -5*l - 25 + 175. Suppose -3*q + 2*q = -5*g + l, -4*q = 0. What is the greatest common divisor of g and 15?
3
Suppose -7 = -2*j + 1. What is the highest common divisor of 44 and j?
4
Suppose 0 = -2*a + 12 - 4. Let b be (-97)/(-3) - 3/9. What is the greatest common factor of a and b?
4
Let y(l) = -l**3 - 7*l**2 + 4*l - 11. Let f be y(-8). What is the highest common divisor of f and 14?
7
Let h be ((-8)/6)/((-2)/18). Suppose -7*w = -2*w - 540. What is the highest common divisor of h and w?
12
Let d be 1130/80 + (-2)/16. Calculate the highest common factor of d and 56.
14
Let b = 32 + -17. Let i be (-6)/b + (-72)/(-5). Calculate the highest common divisor of 28 and i.
14
Let v be 10*(-2 + (-3)/(-3)). Let b = 4 - v. Let a = 14 + 0. What is the greatest common factor of a and b?
14
Suppose -2*y + 28 = 4*x - y, 0 = -3*y. Suppose n = 18 - x. Let o = 72 + 27. What is the greatest common factor of o and n?
11
Let f(s) = 9*s**2 + 2*s + 4. Let l be 48/(-36) - 2/3. Let d be f(l). What is the highest common factor of 4 and d?
4
Let f be 2/(-4) + (-162)/(-4). Suppose -3*s = -4*z + 54 + f, -5*z + 120 = -5*s. Calculate the greatest common divisor of 2 and z.
2
Let o(j) = j + 22. Let h be o(-4). Calculate the greatest common divisor of 24 and h.
6
Suppose -i + 7 = g, -3*g = -g - 4. Suppose -m - y = -4, 3*m - 7 = i*m - y. Let c be (-3)/((-2)/(3 + m)). Calculate the greatest common divisor of c and 15.
3
Let y(g) = 2*g**2 + 4. Let w be y(-8). Let l = 2 + 0. Suppose -3*h = 2*c - 6 - 22, l*c = 3*h - 44. Calculate the greatest common factor of h and w.
12
Suppose -17*o = -8*o - 459. What is the greatest common factor of o and 17?
17
Suppose g + 2*a = 3*a + 4, 5*a = -10. Let w(c) = -2*c + c**3 - 5*c**2 + c**g + 5*c - 4. Let s be w(4). Calculate the greatest common factor of 32 and s.
8
Suppose -4*f = -14 + 2. Suppose -f*m + 18 = 2*d, -3*m + 21 = 3*d - 0*d. What is the highest common factor of 1 and m?
1
Let f = -223 - -327. Let u(w) = -3*w + 1. Let g be u(-4). What is the highest common factor of f and g?
13
Suppose 0*r + 2*r - b = 6, -3*b - 3 = -r. What is the highest common factor of r and 6?
3
Let m be (5 - (4 + -2)) + (81 - -4). What is the highest common factor of 8 and m?
8
Suppose -4*q + 22 = 4*d - 34, -4*d - 16 = 0. Calculate the highest common factor of q and 72.
18
Let r be 2*(-3)/6 + -5. Let w = r + 5. Let i be 1 + 1*132 + w. What is the highest common factor of i and 12?
12
Let w = -1 + 14. Let h be (7 + -1)*4/6. Let z(i) = 2*i**3 - 2*i**2 + 2*i. Let s be z(h). What is the highest common divisor of w and s?
13
Suppose 2*r - 3*m - 618 = 0, 2*r + 4*m - 613 = -9. Suppose b = 4*l - r, -l + 5*l - 3*b = 310. Calculate the highest common divisor of l and 19.
19
Let j(r) be the second derivative of -r**4/12 + 5*r**3/3 - 3*r**2 - 4*r. Let k be j(8). What is the highest common factor of k and 10?
10
Let f = 113 - 1. Let s be 1/4 - (-10)/(-8). Let i be (s - -15) + -1 + 1. What is the greatest common divisor of i and f?
14
Let w = 12 - 7. Suppose -w*z + 1008 = -z. Calculate the greatest common factor of 28 and z.
28
Suppose -46 = -5*g + 54. Suppose 5*u - 22 - 18 = 0. Calculate the greatest common factor of u and g.
4
Let d = -14 - -20. Calculate the highest common factor of 6 and d.
6
Let o = -18 - -11. Let k be (-30)/o - (-2)/(-7). Let i(g) = 4*g**3 - 5*g**2 - 3*g + 1. Let f be i(k). What is the highest common divisor of f and 15?
15
Let t = -1 - -12. Suppose o - b - t = 0, -3*o + 54 = -b + 17. Let z be (-1)/(-4) + (-310)/(-8). Calculate the highest common factor of o and z.
13
Suppose 9*s + 92 = 13*s. What is the greatest common factor of 115 and s?
23
Let y = -11 - -17. Let l = 9 + y. What is the highest common divisor of l and 135?
15
Suppose -3 = 2*f + 5*r + 3, 0 = 3*r + 6. Suppose 0 = -f*c - 3*c - 130. Let s = c - -65. What is the highest common factor of 13 and s?
13
Let k = 187 + 22. What is the greatest common divisor of 19 and k?
19
Let h(o) = o + 14. Let x be h(-12). What is the greatest common factor of 14 and x?
2
Let u = 161 + -147. Calculate the greatest common factor of u and 98.
14
Suppose 5*f = -j + 9, 3*j = -3*f + 2*f + 13. Let q be ((-2)/1)/(6/(-12)). Calculate the greatest common factor of j and q.
4
Let u be 272/3 - 2/(-6). Let x = 146 - u. What is the highest common divisor of 5 and x?
5
Suppose 4*q = -3*v + 10, 0 = v - 0*v + q - 4. What is the greatest common factor of 54 and v?
6
Let r(q) = 24*q**2 - q + 2. Let t be r(2). Suppose j + 0*j - w - 16 = 0, 0 = -j + 3*w + 24. What is the greatest common divisor of t and j?
12
Let c(p) = p**2 - 5*p + 7. Let k be c(8). Let z = -10 + k. What is the greatest common divisor of z and 3?
3
Let r(g) = g**3 - g + 4. Let q = -5 + 5. Let j be r(q). Suppose -2*a - 4 = 4, -y - 2*a = 0. What is the highest common divisor of y and j?
4
Suppose -4*q = -5*v - 6, -2*v + 28 = 2*v + 5*q. Suppose -v*d = -4*d + 6. What is the greatest common divisor of d and 3?
3
Suppose -2 - 1 = 3*d, -3*w - 4*d = -428. Calculate the highest common factor of w and 96.
48
Suppose 0 = -i - 3*g + 16, 29 + 5 = 4*i - 3*g. What is the greatest common factor of 6 and i?
2
Let m be 82/5 + (-6)/15. Suppose -413 = 3*s + 154. Let l = -125 - s. Calculate the greatest common factor of m and l.
16
Suppose v - 1 = 9. Calculate the greatest common factor of 2 and v.
2
Let a(s) = -s**3 - 6*s**2 + 5*s - 7. Let r be a(-5). Let g = r + 97. Let b(c) = 9*c**2 + 1. Let h be b(1). What is the highest common divisor of g and h?
10
Suppose 68*b - 71*b + 513 = 0. What is the greatest common factor of 9 and b?
9
Let y(l) = 15*l**2 - l. Suppose -g = 4*h - 0*h + 21, 3*h = -3*g - 18. Let r be y(g). Let s be 20/6*(-2112)/(-55). What is the highest common divisor of s and r?
16
Suppose j - 77 = -0*j. Let u = -36 - -47. What is the greatest common factor of j and u?
11
Suppose 2*w = w + 155. Let x = w - 111. What is the highest common factor of 22 and x?
22
Suppose 4*f = -o + 23, -3*f + o - 8 + 27 = 0. Suppose -f = -z - 0. What is the greatest common factor of z and 6?
6
Suppose p = q + 5 + 4, 5*p = -4*q. Let n = q - -5. Suppose 2*x = -n + 8. What is the highest common factor of 44 and x?
4
Suppose j - 5*u + 3 = -1, -j = 4*u - 5. Let r(l) = 55*l**2. Let y be r(j). What is the greatest common divisor of y and 5?
5
Let k be (-2)/(-4)*10*11. Let z(o) = -o**3 - 7*o**2 + 7*o + 3. Let x be z(-8). Calculate the highest common divisor of x and k.
11
Let v = -63 - -113. Let q(n) = n**2 - 3*n + 2. Let s be q(-3). Calculate the highest common factor of s and v